et r(x) = x**2 - x + 2. Let q be r(0). Suppose i*a - 18 = -q*a. What is the units digit of a?
9
Suppose 0 = -4*n - 100 + 272. What is the units digit of n?
3
Suppose -16 = -2*j + 5*w, -6*w + w - 13 = -j. Suppose 0 = -c + 1 - j. What is the units digit of (1/c)/(2/(-8))?
2
Let l(a) = a**2 + 4*a + 177. What is the tens digit of l(0)?
7
Suppose -i + 0*h - h = 2, h = -4*i - 5. Suppose 6 = 3*m, -j + m + 0 = 3. What is the units digit of -2 - (-6 + (i - j))?
4
Suppose -2*q + 4*l + 21 - 55 = 0, 29 = -q + 5*l. Let c(d) = d + 5. Let o be c(-5). Let j = o - q. What is the units digit of j?
9
Let w(n) = -n**3 - 6*n**2 + n + 3. Let p be w(-6). Let m be 2 + p - -1 - 8. Let y = 27 + m. What is the units digit of y?
9
What is the tens digit of (-2 + 113)*3/9?
3
Let v(z) = z**3 - 3*z**2 - 7*z + 9. Let i = -5 + 3. Let d(l) = -l**3 + 2*l**2 + 6*l - 9. Let c(w) = i*d(w) - 3*v(w). What is the units digit of c(6)?
9
Let j(x) be the third derivative of x**6/120 - x**5/12 - 7*x**4/24 + 7*x**3/6 - x**2. Let t be j(6). Suppose a = 3 - t. What is the units digit of a?
2
Let r = 52 + -7. What is the units digit of r?
5
Suppose -n + 2*y + 205 = 0, -5*n - 3*y = -0*n - 973. What is the tens digit of n?
9
Let d be (-7)/2 - (-2)/4. Let z be 18/153 - (-132)/34. Let j = d + z. What is the units digit of j?
1
Suppose 5*a - 1 = 9. Let x be ((-5)/(-10))/(a/4). What is the units digit of 0 - x - (-16 + 1)?
4
Suppose 4*r + 2*f = -f + 16, -16 = -4*r + 2*f. Let h be (8/10)/(r/10). What is the units digit of h*(-3)/6 + 4?
3
Let y(t) = -2*t**3 - 4*t**2 + t + 4. What is the units digit of y(-3)?
9
Let w be 4 + (1 - (1 - 0)). Suppose 3*b + 2*z = 22, w*b + 0*z - 36 = -4*z. Suppose 2 = -3*j + 11, -20 = -2*k - b*j. What is the units digit of k?
4
Suppose 4*o + 18 = 146. Suppose 4*m = 4*k + 32, -4*m - 3*k = 2*k - o. What is the units digit of m?
8
Let i(s) = -3*s - 2. Let p = -4 - 0. What is the units digit of i(p)?
0
Let m(h) = h**2 + 7*h - 15. What is the units digit of m(-9)?
3
Suppose -188 = -3*w - 77. What is the units digit of w?
7
What is the tens digit of 2 + 3 + 40/2?
2
Let m(h) = -3*h**3 + 24*h**2 - 18*h - 38. Let r(k) = -k**3 + 8*k**2 - 6*k - 13. Let i = -8 + 4. Let a(l) = i*m(l) + 11*r(l). What is the units digit of a(7)?
2
Let y be 3/(((-2)/4 + 1)/1). Let m(o) = 6*o - 1. Let k be m(1). Suppose -5 = k*n - y*n. What is the units digit of n?
5
Let m(r) = 79*r**2 + 3*r + 2. What is the tens digit of m(-1)?
7
Let z(q) = q**2 + 8*q. Let o be z(-8). Suppose 7*g + 60 = -4*d + 3*g, 4*g = o. Let m = 25 + d. What is the tens digit of m?
1
Let g(v) = 8*v - 7. Let m = -4 + 8. What is the units digit of g(m)?
5
Let h = -1 - 2. What is the tens digit of (-76)/(-6) + 2/h?
1
Suppose 2*x - 3*q = -6*q - 4, -3*q + 8 = 5*x. Let b be (-48)/(-20)*(-30)/(-9). Let t = b - x. What is the units digit of t?
4
Let d(k) = -k**3 + 7. Let c be d(0). What is the units digit of (2 - c)*18/(-10)?
9
What is the units digit of (-151)/(-2) + (-6)/12?
5
Suppose 3*z + 0 = -57. Let l = -8 - z. What is the tens digit of l?
1
Let u = -34 + 51. Let z = u + -11. What is the units digit of z?
6
Let h(a) = -7*a - 3. What is the units digit of h(-3)?
8
Suppose -4*y = -3*y - 1. Let z = 10 - 6. What is the units digit of -3 + z - (-3)/y?
4
Let c be ((-10)/4)/(8/(-64)). Suppose -5*i + 4*h + c = -h, -3*h = i - 24. What is the units digit of i?
9
Let r(j) = j - 1. Let u(f) = 11*f - 9. Let a(z) = -4*r(z) + u(z). What is the units digit of a(2)?
9
Let l = 27 + -8. Let x = 38 - l. What is the tens digit of x?
1
Let x = 24 - 13. What is the tens digit of x?
1
What is the tens digit of (25/(-10) - -2)*-262?
3
Let s = -12 + 17. Let r(d) = 5*d**3 + d**2 - 8*d + 3. Let g(i) = 14*i**3 + 2*i**2 - 24*i + 9. Let c(m) = 4*g(m) - 11*r(m). What is the tens digit of c(s)?
1
Let p = 7 + -5. Suppose -y - 4 = p. What is the units digit of (1 + 0)/((-2)/y)?
3
Suppose 3*q - 2*a = 86, -q + 6 = -a - 24. What is the tens digit of q?
2
Let t be (-2)/(1/(21/(-2))). Let h = t + -2. What is the units digit of h?
9
Let z(x) = x**2 + 3*x - 13. What is the tens digit of z(-11)?
7
Let h = 7 + -3. Suppose -11 = -h*q + 13. Let b(k) = k**3 - 6*k**2 + k. What is the units digit of b(q)?
6
Let m(y) = y**3 + 11*y**2 + 12*y - 6. What is the tens digit of m(-9)?
4
Let q(d) = 7*d**2 - 9*d - 1. Let b(y) = -6*y**2 + 8*y. Let n be (18/(-2))/(6/4). Let w(h) = n*b(h) - 5*q(h). What is the units digit of w(4)?
9
Let k(q) = 14*q**3 - 9*q**2 - 5*q + 20. Let b(x) = -5*x**3 + 3*x**2 + 2*x - 7. Let s(a) = 11*b(a) + 4*k(a). What is the units digit of s(3)?
9
Let t(m) = -5*m**2 + m - 2. Let u be t(2). What is the tens digit of ((-12)/(-10))/(u/(-450))?
2
What is the units digit of (2/(-3))/(2/(-9))?
3
Let x be (12/9)/((-1)/(-3)). Suppose x*v + v - h = 25, -v - 4*h = 16. What is the units digit of v?
4
Let c(w) = w**2 + 5. Let t be c(0). Let q be (-32)/(-6)*15/t. Let f = q - 11. What is the units digit of f?
5
Let w(i) = -i**2 + 5*i + 4. Suppose 2*x + 10 = 4*q, -3*x + x + 6 = 0. What is the units digit of w(q)?
8
Let d(r) = 4*r**3 + r**2 - r + 4. What is the units digit of d(2)?
8
Let d = -5 + 7. What is the units digit of (-4)/d + (2 - -6)?
6
Suppose 5*x - 2 = 8. Let m be x/(-9) + 176/(-18). What is the units digit of m/15*(-3)/2?
1
Suppose 8 = 3*f - f. Suppose -5*s + 91 = -4*n, s - 8 = 2*n + 9. Suppose -c = -3*v - 22, -s = -2*c + f*v + 15. What is the units digit of c?
7
Suppose -601 = -3*n - v, n - 9*v + 4*v = 211. What is the hundreds digit of n?
2
Let u be (8 + 0)/(-2) - 0. What is the units digit of -1*(-3)/(-1) - u?
1
Let p be -5*((-2)/(-2) - 2). Let y(j) be the second derivative of j**4/12 - j**3/2 - j**2/2 + j. What is the units digit of y(p)?
9
Let v(r) = -4*r + 2. Let m be v(-4). Let p = m + -5. What is the tens digit of p?
1
What is the tens digit of 81 + (1*5 - (-33)/(-11))?
8
Let h be (-5 - 3)/(-2) - 1. Suppose 5*r = h*r + 4. What is the units digit of r?
2
Let i(c) = 5*c**3 + c**2 - 1. Let y be i(1). Suppose 14 = -3*l + y*l. What is the units digit of -2 + l + 2*-1?
3
Let t = -27 + 62. What is the tens digit of t?
3
Suppose 0 = 3*c - 2*g - 19, -3 + 2 = c + 3*g. Suppose -c*q - 27 = -87. Let f = 20 - q. What is the units digit of f?
8
Let m(u) = -2*u + u**3 - u + 2 + 6*u**2 - 8*u + 4. Let o be m(-8). Let y = 47 + o. What is the tens digit of y?
1
Let d(v) = 12*v**2 + v**3 + 5*v + 6*v - 1 + 9. What is the units digit of d(-11)?
8
Suppose -22*l = -16*l - 702. What is the tens digit of l?
1
What is the tens digit of (1*-1)/((-7)/77)?
1
Suppose -9 = 4*q - 5*v, q - 4*v - 6 = -0. Let m(r) = -r**3 - 5*r**2 + 6*r + 2. Let k be m(q). What is the units digit of k/3 - 88/(-12)?
8
Let m(u) = -u**3 - u**2 + 3*u - 3. What is the units digit of m(-4)?
3
What is the tens digit of (-244)/(-8) + (-3)/2?
2
Let p = -5 - -9. Let c = 6 - p. Let n = 5 + c. What is the units digit of n?
7
Let x be 1 + -1 - (2 - 2). What is the units digit of 16 - (x + (3 - 5))?
8
Let q(d) = -10*d - 15. Let j(f) = 7*f + 10. Let v(o) = -7*j(o) - 5*q(o). What is the units digit of v(-4)?
1
Let l = -70 + 152. What is the tens digit of l?
8
Let f = 67 - 34. What is the tens digit of f?
3
Suppose -3*m = 0, -m = -3*r - 0*m. Let p(t) = -t**2 - t + 17. What is the units digit of p(r)?
7
Let r(f) = -f**3 + 10*f**2 - 9*f + 9. Let l = -1 - -25. Suppose -3*w + l + 3 = 0. What is the units digit of r(w)?
9
Let w = -11 - -2. Let c = 17 + w. Suppose -3*g + 5*g - c = p, -g - 7 = 5*p. What is the units digit of g?
3
Suppose -4*v + 1092 = p - 3*p, -5*v + 4*p + 1365 = 0. What is the tens digit of v?
7
Let q(z) = -2*z + 9. Let u be q(-4). Suppose 0 = i - 0*i - u. What is the units digit of i?
7
Let f = 81 + -17. What is the units digit of f?
4
Suppose -3*u = -2*m - m + 21, -u = 4*m - 23. Suppose 10 = m*i - i. What is the units digit of (-7)/(-1) + (-4)/i?
5
Let f = -5 + 7. Suppose -f*j + 38 = -8. What is the units digit of j?
3
Let f(l) = -19*l + 12. What is the units digit of f(-4)?
8
Let u(t) = 1 + t - 1 - 1. Let s be u(-6). What is the units digit of 4/14 + (-33)/s?
5
Let f(c) = -17*c + 5. Let v(x) = 1. Let b(u) = -f(u) + 5*v(u). What is the units digit of b(1)?
7
Let d be (6/6)/((-2)/(-50)). What is the units digit of 2/(-8) + d/4?
6
Let o(b) = -6*b - 2*b - 5 + 0*b + 0. Let n be o(-4). Let p = n - 10. What is the units digi